at is the value of 2 - (-5 - (49 - 55 - (1 + 7)))?
-7
Evaluate -7 + 9 + (40 - 16) + (-1 - 3).
22
What is the value of -1 + (-2 - 2) + -5?
-10
Evaluate 1 + 33 - 2 - (535 + -529) - -3.
29
What is the value of 10 + (7 + -21 - -1) + 20?
17
What is the value of -4 + -25 + (-21 - -13) + 10?
-27
Calculate 5 + (2 - (-2 + 12)) - 6.
-9
Calculate -1 + -2 + -9 + (10 - (18 + -30)).
10
What is -38 + (95 - (51 + -13))?
19
Calculate (-38 - -47) + (-2 - (17 + 1)).
-11
(6 - (15 + 17)) + 8
-18
12 + (-18 + (9 - (-4 + 3)) - -16)
20
-4 + -6 + 9 + -1 + 8 + 1
7
Evaluate 2 - (-14 + 1 + 8).
7
0 + 1 + 4 + (22 - 28)
-1
3 + 1 + 0 + (-39 - -34) - 11
-12
What is -73 + 54 - (9 - 41)?
13
Calculate -297 - -311 - (39 + -1).
-24
What is the value of -32 + -16 + (23 - -3)?
-22
What is the value of -14 + (1 - 4) + 23?
6
What is the value of 2 + (-5 - -1) + (-1 - 9 - -9)?
-3
-16 - -1 - ((-9 - -14) + -13 + 3)
-10
Evaluate -3 + -3 + 3 + (5 - (0 + 1)).
1
Calculate 6 + 6 + (-7 + 8 - 4) - 2.
7
-2 - ((3 - 9) + 15)
-11
72 - (21 - (2 - 26))
27
(5 - (-4 + 5 - -16)) + -2
-14
18 + 1 + (13 - 36)
-4
Calculate 6 + 7 + 3 + (3 - 7).
12
What is the value of 4 + (-9 - -5) - (-4 + 7)?
-3
Evaluate 103 - 94 - (-4 - (-1 - -4)).
16
Evaluate 11 - 3 - (10 + -8 + -11 - -12).
5
-20 - (4 - (36 - 8))
4
18 - (-3 + -7 + 12)
16
What is 11 + (1 + 9 - -9) + -12?
18
Calculate (-2 - 1) + (7 - 4 - (14 - 14)).
0
What is the value of (10 - (-17 - -3)) + 0 + -9?
15
What is the value of 10 + 4 + 5 + -32?
-13
What is 13 + (9 - (5 + 12)) - 15?
-10
Evaluate -6 + -22 - (51 - 65).
-14
What is -29 - (8 + -21 + 7 + -7 + 5)?
-21
Calculate 10 + (12 - 18 - (-4 - 2)) - -2.
12
Evaluate 8 - -3 - 20 - 4.
-13
9 - (0 + 10 + -3) - 10
-8
Calculate (13 - 3 - (-8 - -8)) + 9.
19
Calculate 7 + 2 + -1 - (-1 - -3 - 1).
7
What is (13 - 18 - -4) + -7?
-8
What is 18 - (52 + (-35 - 7))?
8
What is 11 - (-5 - 5 - -21)?
0
Calculate -13 - -21 - (-5 + 0 + 18).
-5
Evaluate -8 + 2 + (35 - ((-11 - -5) + 14)).
21
Evaluate (0 - 1 - (-15 + 23 - 9)) + -9.
-9
Evaluate 7 - (6 + 1 - -11) - -6 - -8.
3
(2 - -23) + -36 + 26
15
What is the value of -5 - (12 + -3 + (0 - (5 + -3)))?
-12
Calculate -22 - (-3 - (-7 + 2 - -8)).
-16
11 + (-11 - -8 - (0 + -5)) + 0
13
Calculate 1 - (1 - -4 - 7) - (-5 - -14).
-6
Calculate 4 - (10 - 17) - (-1 + 2 - 3).
13
Calculate (1 - -3) + 7 - (46 + -16).
-19
(5 + -18 - -1 - -8) + 0
-4
Evaluate 24 - 7 - (9 - (36 + -10)).
34
What is the value of 2 + (21 - (9 - -6))?
8
What is -6 - 12 - (-4 + -8)?
-6
Evaluate (1 - -26) + (13 - (12 - (-1 - -4))).
31
What is 37 + -29 + -8 - (29 + 2)?
-31
Calculate (10 - (-8 - -12)) + -6 - 5.
-5
Calculate 17 - (56 + -49 - (3 + 0 - 1)).
12
Evaluate 22 + -11 + 21 + -23.
9
9 + -19 + (-28 - -60)
22
What is the value of (-13 - 0) + (-232 - -254)?
9
What is the value of 11 + 1 - ((-9 - -3) + 5 - -7)?
6
What is (0 - -6) + -25 + 18 - (-5 + -2)?
6
What is the value of 17 - (23 - (-7 + 15))?
2
What is (5 - ((5 - -20) + -5)) + 5?
-10
Evaluate -10 - (39 + 6 + -16 + -4 + -4).
-31
-26 + (-6 - 5 - -11) + 9
-17
(33 - 25) + -3 + -4
1
What is the value of (-22 - 7) + -1 + 23?
-7
-20 + (12 - -2) - (4 + 0) - 1
-11
What is the value of -15 - -30 - -17 - 13 - (1 + 6)?
12
Calculate (24 - 26) + 1 + -1.
-2
Evaluate 0 + 7 + (2 - 5) + -45 + 44.
3
-12 - -8 - 25 - -16
-13
What is 17 + 1 - (-220 - -216)?
22
-36 + 51 - (5 + (4 - -2))
4
Evaluate 2312 + -2315 + 8 + -1.
4
What is the value of 2 - -12 - ((-96 - -49) + 53)?
8
What is (7 + -2 - (3 + 7)) + -3 + 9?
1
Evaluate -4 + (7 + 0 + -12 - (0 + -3)).
-6
Calculate (-22 - 0 - 3) + 7 + -4 + 4.
-18
Calculate (-21 - 1) + 11 + 12.
1
Evaluate -3 + (-3 - ((-1 - -11) + 0 + -6)).
-10
Evaluate 19 - ((-16 - -3) + 7 + 14).
11
Calculate 14 + -22 + 48 + (3 - 17).
26
-3 - (15 + 31 + (-31 - -16))
-34
Calculate -30 + 12 - (0 - -8).
-26
Evaluate -4 - ((5 - -1) + -8 + -15 + 0).
13
What is the value of 14 + (-1 - (7 - 8))?
14
-32 + 39 + (-7 - -20 - 23)
-3
Evaluate (-62 - -94) + (13 - 17).
28
-2 + -1 + (29 - 7 - 25)
-6
Evaluate 3 - (-10 - -1 - (-49 - -43)).
6
What is -4 + (2 - (-2 - -6) - 4 - -17)?
7
-25 + -15 + 17 + 21
-2
What is 7 + -102 + 136 - (0 - -17)?
24
What is -23 - -10 - (11 - 18)?
-6
Evaluate -9 - (-14 + 45 - 25).
-15
-5 - (18 + -7) - (-3 + -4)
-9
What is 23 - ((-19 - -5) + (2 - 1 - -6))?
30
Evaluate -32 + 0 + 0 - (4 + -10 + 2).
-28
Calculate 0 + -4 + (13 - -6).
15
What is the value of -2 - (21 + (-12 - -3) - 23)?
9
Calculate -17 + (6 - (-2 + 3) - (-6 + 6)).
-12
(-1 - (1 + -4 - -7)) + (3 - -4)
2
What is -10 + (-9 + (16 - 15) - -42)?
24
Calculate -7 + (-76 - -91 - (-1 + 7)).
2
What is the value of 13 + 1 + 1 + 5 + (-258 - -251)?
13
2 - (-2 + 0 + -7)
11
(8 - (-1 - 0)) + 13 + -34 + 22
10
-11 - (-17 + 15) - -24
15
What is the value of -815 + 828 - (1 - 15)?
27
2 - -4 - (12 + -7 + -12 - -21)
-8
What is -3 + -2 + 0 + (-55 - -69)?
9
(-31 - 0) + (-813 - -835)
-9
What is the value of 12 - (-5 - ((12 - 13) + 0 + 0))?
16
What is the value of (-16 - -32 - 13) + -4?
-1
Evaluate 4 + -13 + 30 + -7.
14
What is the value of -8 + 4 - ((21 + 5 - 4) + -12)?
-14
Calculate (-1 - (0 + -35)) + (-126 - -116).
24
(23 - (1 - (7 + -10))) + -6 - -4
17
Evaluate -16 - -3 - (37 - 52).
2
Evaluate -1 + 2 + (100 - 93) - -6.
14
Evaluate 5 + -16 - (-7 + -8 + 4 + 9).
-9
What is (7 - -1) + 2 + 10 + -12?
8
What is (-7 + 2 - (-29 - (-7 + -12))) + 12?
17
What is 6 + -7 + (9 - 8)?
0
16 + -19 + 20 + -24
-7
What is (5 - -2) + (-3 + 3 - -6)?
13
2 + -11 + -5 + (-2 - -8) - -2
-6
What is the value of 2 - -31 - (-40 + (52 - 7))?
28
Calculate 8 + (-1 + -7 - -1) + -2.
-1
Evaluate 6 + -4 + -28 + 14 - 0.
-12
What is (3 - 8) + 79 + -60 + 1?
15
What is the value of -7 + 6 - (1 - 0) - (6 - -1)?
-9
-10 - (30 - 34) - (-1 + 2)
-7
What is 7 + -3 + 11 + (-2 - (10 + -3))?
6
Evaluate (-18 + 21 + -3 + -5 - -10) + -1.
4
What is the value of -21 + (11 + 0 - 2)?
-12
What is the value of -1 + -1 + (28 - (7 + 14))?
5
Calculate 37 + -9 - (1 + 49).
-22
Evaluate 11 + -11 - (3 + -8 + -21) - 4.
22
What is the value of (25 + -6 - 7 - 1) + 4 + -12?
3
Calculate -1 - 2 - (19 + (-1 - 10) + 3).
-14
What is -3 - (-4 + (-6 - (-1 - 4) - 3))?
5
What is (-1 - (11 - 25)) + -4?
9
Calculate -10 + (11 - (22 - 19)) + (1 - 0).
-1
6 + 6 - (-1 - -1 - (-36 - -39))
15
Calculate 14 + -1 + -109 + 109.
13
(4 - (-4 + 6)) + 0
2
8 + (54 + -47 - (0 + 1) - 12)
2
Calculate (-84 - -75) + 2 + 0.
-7
Evaluate -10 - ((1 - -19) + -11).
-19
(-5 - -1) + 1 + (-24 - (-43 - -19))
-3
32 + -28 + 6 + -25
-15
Calculate (-25 - (-9 + -21)) + -13 + 1.
-7
What is -3 - 64 - -50 - (0 - 15)?
-2
What is the value of 2 + -15 + (-196 - -217)?
8
What is -8 + 1 + 6 + 2 + 11?
12
(-18 - -2) + 6 + 0
-10
Calculate (17 - (17 + -31)) + 2.
33
Evaluate 0 + 5 + (-45 - ((-5 - -13) + -20)).
-28
0 + (-4 - 11 - -2) - (1 - 7)
-7
What is 0 - -5 - 17 - (1 + (-9 - -4))?
-8
What is -28 - (12 - 34) - (-19 - 0)?
13
What is the value of (-9 - -1) + -8 + 3 + -3?
-16
What is 9 + 1 + -1 - (123 + -97)?
-17
11 + (4 - 0) + 1 - (4 + -1)
13
What is 81 + -91 - (-1 + -18 + 3)?
6
What is the value of 0 - -7 - (5 - (-11 - -7))?
-2
Calculate -124 + 122 + 0 + 2.
0
Calculate (3 - (0 + (7 - (4 + -5)))) + 21.
16
What is -1 - -3 - (-11 + 41 - (0 + -4))?
-32
What is the value of 7 + 2 + -12 + 12?
9
What is 6 - (-23 + 23) - ((1 - -1) + 12)?
-8
3 + (-12 - (-3 + -4) - -5)
3
What is the value of 5 - ((36 - 13) + -13 + -17)?
12
What is -911 + 897 + (-8 + -1 - -3)?
-20
Calculate -9 + (-14 - (-10 - 21)).
8
Evaluate -4 + 11 + -1 - (-1 - (16 + -5)).
18
Evaluate -85 + 70 + (48 - -1) + 2.
36
What is the value of 56 + -50 + -1 + 3 + -5?
3
Evaluate 681 + -667 - (0 - (0 - (-5 + 2))).
17
Calculate 19 + (-20 - -13) + (-1 + 3 - 4).
10
Evaluate (-2 - -1 - 1) + -29 + -8 + 36.
-3
Calculate -3 + (-4 - ((-10 - -2) + 5)) + -5.
-9
What is 3 + (-31 - -15) - (6 + 1)?
-20
What is (-6 - -2) + 26 + 0 - 11?
11
What is the value of 17 + -35 + 5 - -13?
0
What is the value of (-1 - -1) + -18 + 13 + (-2 - -10)?
3
-37 - (1 + -24 + 10)
-24
Calculate -15 + 38 + -12 + -15.
-4
What is -3 + (-49 + 55 - (-1 + 6)) + -7?
-9
What is -13 + 3 + 3 + (-150 - -176)?
19
Evaluate 1 - -26 - (1257 + -1254).
24
What is the value of 1 + -9 + -2 + (-11 - 2) + 8?
-15
-8 - (1 + 4 + (-6 - -2) + -12)
3
Calculate 2 + 2 - (2 + -2 + (8 - 1)).
-3
What is the value of (-14 - (-22 - 6)) + (-11 - -3)?
6
What is the value of 6 + -10 + -7